Calculate j(6).
412
Let y(r) = -72*r - 797. Calculate y(-14).
211
Let k(x) = 13*x + 121. Give k(-8).
17
Let r(k) = -38*k + 401. Calculate r(12).
-55
Let m(b) = -18*b + 293. Determine m(35).
-337
Let w(y) = 328*y**3 - y**2 - 4*y + 2. Give w(-1).
-323
Let p(u) = 4*u**2 + 18*u - 210. Calculate p(-10).
10
Let f(n) = 408*n + 2498. What is f(-6)?
50
Let a(j) = -16*j**2 + 72*j - 10. What is a(4)?
22
Let j(c) = 62*c**2 - 130*c + 2. Calculate j(2).
-10
Let f(g) = g**2 + 27*g - 232. Give f(-22).
-342
Let i(j) = -123*j - 3144. Determine i(-27).
177
Let q(j) = -45*j - 2529. Calculate q(-58).
81
Let p(j) = -5*j**2 - 59*j + 25. Calculate p(-12).
13
Let v(d) = -d**3 - 80*d**2 - 308*d - 337. Determine v(-76).
-33
Let f(t) = -6*t**3 - 102*t**2 - 183*t - 27. What is f(-15)?
18
Let n(j) = -43*j - 3. Determine n(-2).
83
Let y(t) = -45*t**2 - 48*t. Calculate y(-1).
3
Let u(o) = -145*o - 148. Determine u(-1).
-3
Let h(t) = -233*t + 698. Calculate h(3).
-1
Let k(s) = -s**3 + 40*s**2 + 43*s - 103. Determine k(41).
-21
Let p(y) = -24*y**2 + 112*y - 115. Give p(1).
-27
Let q(j) = 2*j**2 + 19*j + 43. Calculate q(-2).
13
Let p(u) = u**3 - 16*u**2 + 11*u - 182. Give p(16).
-6
Let i(q) = -q**2 - 43*q - 443. Give i(-17).
-1
Let r(z) = 41*z - 1184. What is r(29)?
5
Let x(k) = -3*k**2 + 126*k - 4. What is x(40)?
236
Let m(x) = -852*x + 15337. What is m(18)?
1
Let x(w) = -2*w**3 - 6*w**2 + 8*w - 33. Give x(-6).
135
Let x(m) = 3*m**2 + 224*m - 9. Determine x(0).
-9
Let t(b) = 11*b + 446. Determine t(-39).
17
Let r(y) = -2*y**3 + 37*y**2 + 89*y + 36. Determine r(21).
-300
Let b(y) = -y**2 - 49*y - 145. Give b(-45).
35
Let f(w) = -w**2 + 70*w - 1110. Determine f(24).
-6
Let l(c) = -3*c**2 - c + 6. Determine l(7).
-148
Let d(f) = f**2 - 114*f - 1339. Give d(-11).
36
Let j(a) = -379*a - 53. Determine j(0).
-53
Let a(o) = -o**2 + 439*o + 15068. Calculate a(-32).
-4
Let n(r) = 6*r - 133. What is n(28)?
35
Let g(p) = 2*p**3 + 1045*p**2 - 31406*p + 547. What is g(-551)?
-4
Let l(v) = 6365*v - 44540. Determine l(7).
15
Let w(f) = -157*f + 10. Determine w(0).
10
Let v(k) = -4881*k + 34180. Give v(7).
13
Let n(w) = 21*w - 1684. Give n(80).
-4
Let w(s) = s**3 - 20*s**2 + 7*s + 692. What is w(9)?
-136
Let a(v) = -4*v**3 - 34*v**2 + 6*v - 99. Give a(-9).
9
Let q(r) = -22*r**2 - 17*r + 68. Calculate q(3).
-181
Let f(g) = 8*g**2 - 1236*g - 4412. Calculate f(158).
12
Let z(k) = -18*k**2 + 156*k - 155. Give z(1).
-17
Let u(h) = h**3 - 67*h**2 + 61*h + 324. What is u(66)?
-6
Let h(c) = -35*c - 83. Determine h(-2).
-13
Let d(m) = 6*m**2 - 49*m - 32. Calculate d(8).
-40
Let k(l) = -8*l**2 - 441*l - 4840. Determine k(-40).
0
Let g(n) = 13*n**2 - 165*n - 27. Calculate g(7).
-545
Let l(k) = -k**3 + 120*k**2 - 230*k - 717. Calculate l(118).
-9
Let b(w) = w**3 + 90*w**2 - 174*w + 206. Calculate b(-92).
-714
Let y(l) = l**2 + 24*l + 104. What is y(-20)?
24
Let d(c) = c**3 + 78*c**2 + 214*c - 13. What is d(-3)?
20
Let w(a) = 3*a - 30. Calculate w(9).
-3
Let f(o) = -25*o + 1579. Give f(42).
529
Let l(b) = b**3 - 10*b**2 + 42*b - 429. What is l(10)?
-9
Let i(d) = -552*d + 6226. Give i(11).
154
Let a(q) = -q**3 - 8*q**2 + 155*q + 27. Determine a(-17).
-7
Let v(k) = -12*k**2 - 10*k - 1. Calculate v(2).
-69
Let l(f) = f**2 + 27*f + 153. Determine l(-9).
-9
Let k(a) = 2*a**3 - 6*a**2 - 24*a + 19. What is k(5)?
-1
Let o(c) = 5062*c + 80988. Calculate o(-16).
-4
Let x(k) = -17*k**3 - 14*k**2 - 17*k - 23. Give x(-1).
-3
Let d(k) = -5*k**3 + 15*k**2 + 20*k - 10. Calculate d(4).
-10
Let t(w) = -3*w + 36. What is t(9)?
9
Let z(g) = 9*g**3 - 13*g**2 + 17*g + 6. Give z(2).
60
Let u(x) = 20*x**2 - 131*x + 69. Give u(6).
3
Let x(g) = g**3 + 8*g**2 - 521*g - 214. Determine x(-27).
2
Let g(q) = q**3 + 18*q**2 + 74*q + 13. What is g(-12)?
-11
Let r(n) = 15*n**2 + 466*n + 25. Give r(-31).
-6
Let b(p) = p**2 - 20*p + 81. What is b(17)?
30
Let s(r) = r**3 + 136*r**2 + 900*r - 400. Give s(-129).
-13
Let d(j) = 8325*j**2 + 8323*j - 1. Determine d(-1).
1
Let k(j) = 12*j**2 - 281*j + 114. Determine k(23).
-1
Let y(w) = -46*w + 686. Determine y(14).
42
Let m(k) = -42*k**2 + 14*k - 3. Give m(-2).
-199
Let h(r) = -766*r + 15320. Give h(20).
0
Let d(h) = -h**3 - 24*h**2 - 35*h + 893. Give d(-20).
-7
Let f(j) = j**3 - 11*j**2 + 24*j - 31. What is f(10)?
109
Let v(x) = -273*x**2 + 24*x - 21. Calculate v(1).
-270
Let b(v) = 19*v + 119. Determine b(-6).
5
Let f(y) = -y**3 + 3*y**2 + 51*y - 22. What is f(-6)?
-4
Let k(s) = s**3 + 9*s**2 - 4*s - 5. Calculate k(-9).
31
Let b(z) = z**3 + 6*z**2 - 5*z + 25. What is b(-7)?
11
Let p(i) = -12*i**2 + 7*i + 1. Calculate p(-1).
-18
Let i(a) = -a**3 + 68*a - 3. Determine i(-8).
-35
Let s(f) = -10*f**2 + 18*f - 22. Determine s(1).
-14
Let j(g) = 88*g**2 + 133*g. What is j(-1)?
-45
Let k(r) = 7*r**2 + 15*r + 60. Give k(-5).
160
Let z(n) = 11*n**3 - 10*n**2 + 3*n - 17. Give z(3).
199
Let y(q) = 225*q - 1569. Calculate y(7).
6
Let q(k) = 15*k**2 - 260*k - 185. What is q(18)?
-5
Let z(i) = 67*i - 1834. What is z(27)?
-25
Let i(t) = -t**3 - 41*t**2 - 82*t - 186. Determine i(-39).
-30
Let g(z) = 2*z**2 + 477*z + 1208. Determine g(-236).
28
Let f(o) = -2*o**3 - 85*o**2 - o - 1857. What is f(-43)?
35
Let z(t) = 2*t - 42. Give z(26).
10
Let r(o) = -2*o**2 + 11*o - 77. Calculate r(13).
-272
Let x(d) = 747*d - 140440. Determine x(188).
-4
Let z(n) = -155*n + 3731. Calculate z(24).
11
Let o(p) = p**3 + 11*p**2 + 3*p - 27. Give o(-8).
141
Let q(l) = 2*l**2 + 986*l + 9655. What is q(-10)?
-5
Let i(o) = 3*o**2 + 195*o + 1194. What is i(-58)?
-24
Let s(g) = -g**3 - 39*g**2 + 173*g - 188. Give s(-43).
-231
Let l(o) = 47*o**2 + 13*o + 6. What is l(-2)?
168
Let l(i) = 2*i**2 + 237*i - 6512. Give l(23).
-3
Let t(p) = -23*p**2 - 17*p + 51. What is t(4)?
-385
Let h(r) = r**3 - 46*r**2 + 285*r - 1794. Give h(40).
6
Let y(m) = -1252*m + 6259. What is y(5)?
-1
Let u(l) = 58*l - 437. Give u(15).
433
Let f(d) = -d**3 - 23*d**2 + 266*d + 5397. What is f(-25)?
-3
Let h(p) = 394*p + 7180. What is h(-18)?
88
Let f(k) = -74*k - 6846. Give f(-93).
36
Let t(k) = 22*k**2 + 38*k + 4. Calculate t(-3).
88
Let n(l) = 166*l - 11123. Give n(67).
-1
Let g(x) = 11*x**2 + 547*x - 84. Calculate g(-50).
66
Let w(z) = -z**2 - 9*z + 11. Calculate w(-11).
-11
Let v(k) = -k**3 + 8*k**2 + 18*k + 40. Give v(10).
20
Let j(m) = 3*m**2 - 71*m - 260. What is j(29)?
204
Let w(p) = 71*p + 4621. Calculate w(-65).
6
Let k(c) = -c**2 - 15*c - 80. Determine k(-7).
-24
Let a(y) = 57*y + 8324. Give a(-146).
2
Let b(x) = -x**3 + 14*x**2 + 24*x + 35. Calculate b(15).
170
Let k(c) = 11*c**2 + 27*c + 27. What is k(-1)?
11
Let k(u) = 15*u - 60. Determine k(-10).
-210
Let l(o) = -6*o**2 - 143*o + 60. Give l(-24).
36
Let w(r) = 5*r + 91. Calculate w(-3).
76
Let w(k) = k**2 + 14*k - 3314. What is w(51)?
1
Let a(u) = -u**2 + 16*u + 952. What is a(-23)?
55
Let n(a) = -388*a + 1582. What is n(4)?
30
Let o(c) = -17*c**3 - 98*c**2 + 23*c - 18. What is o(-6)?
-12
Let c(m) = -46*m**2 - 677*m - 23. Determine c(-15).
-218
Let v(l) = -41*l + 199. Determine v(5).
-6
Let w(j) = 3*j**3 - 34*j**2 + 5*j - 10. Calculate w(11).
-76
Let a(g) = g**3 - g**2 + 4*g - 13. Calculate a(-4).
-109
Let b(o) = o**3 + 31*o**2 - 35*o - 9. Determine b(-32).
87
Let j(o) = -o**2 + 172*o + 1633. Give j(-9).
4
Let x(l) = -343*l + 1469. Give x(4).
97
Let w(d) = -93*d - 464. What is w(-5)?
1
Let g(b) = -18*b - 71. Calculate g(-4).
1
Let q(t) = -2*t**3 + 2*t + 8. Determine q(0).
8
Let i(b) = -3*b + 251. Calculate i(27).
170
Let z(p) = -p**3 - 19*p**2 - 56*p + 67. Determine z(-15).
7
Let t(p) = 30*p**2 + 191*p + 63. What is t(-6)?
-3
Let s(k) = -3*k**2 + 87*k + 382. Calculate s(-4).
-14
Let g(i) = 19*i**3 + 105*i**2 + 89*i - 17. What is g(-1)?
-20
Let m(a) = -a**3 + 29*a**2 + 174*a - 5020. Determine m(29).
26
Let a(l) = 2*l**3 + 143*l**2 - 218*l + 63. Calculate a(-73).
-10
Let i(j) = 8221*j + 115105. Determine i(-14).
11
Let b(w) = w**2 + 128*w - 95. Calculate b(-130).
165
Let k(j) = 19*j - 5. What is k(-4)?
-81
Let k(z) = 8*z**2 - 154*z + 308. Give k(17).
2
Let x(s) = s**3 - 8*s**2 - 55*s - 5. Give x(-6).
-179
Let p(b) = -6*b**3 + 3*b**2 - 7*b - 28. Determine p(-3).
182
Let u(q) = -q**2 - 42*q + 112. Give u(-45).
-23
Let k(h) = 60*h**3 - 603*h**2 + 41*h - 112. Give k(10).
-2
Let s(r) = 2*r**2 + 131*r + 65